 - 5*q = -3*m + 957. What is the highest common divisor of m and 1819?
107
Let t be (-5)/20 - 158/8. Let j be ((-1)/((-12)/t))/(1/(-24)). Let o = j + 85. What is the highest common divisor of 50 and o?
25
Let m be (-75)/(-4) + (-423)/564. Suppose 0*g = -5*g + 800. Let r = g - 70. Calculate the greatest common factor of r and m.
18
Let f(t) = 10*t**2 + 1. Let x be f(2). Let d = x + -25. Let h(o) = -15341*o + 30794. Let r be h(2). What is the greatest common divisor of d and r?
16
Suppose 205 + 12 = 46*q - 105. Let u be -2 - (-5)/((-10)/(-8)). What is the greatest common divisor of u and q?
1
Let t = -13 - -19. Suppose 0 = 31*g - 30*g. Suppose -94*j + 92*j + 6 = g. Calculate the highest common factor of t and j.
3
Suppose 0 = -2*d - 498 - 880. Let n = d - -1039. Calculate the greatest common factor of n and 50.
50
Let y be 27/(1*2/4). Let j(i) = 30*i + 666. Let f be j(-20). Let b = f - y. What is the highest common divisor of 84 and b?
12
Let k(l) = -7*l - 82. Let o be k(-13). Let s be (-13 + -9)*(-5)/(10/o). Calculate the highest common factor of s and 11.
11
Suppose 0 = 3*x + m - 342, -208 = -2*x - 24*m + 20*m. Calculate the highest common factor of 4292 and x.
116
Let y(u) = 1617*u - 17787. Let c(f) = 33*f - 363. Let s(d) = 99*c(d) - 2*y(d). Let w be s(28). What is the greatest common divisor of 33 and w?
33
Let x = 51 - -37. Let q be 224 - (-10)/(3 - (-88)/(-16)). Calculate the highest common factor of x and q.
44
Suppose 28*s - 596 = 1468 + 2724. What is the highest common divisor of 456 and s?
57
Let j = -168 + 366. What is the greatest common divisor of 2475 and j?
99
Let r be (90/135)/((-2)/(-516)*2). Suppose 8*t - 430 = -2*t. Calculate the greatest common divisor of r and t.
43
Let w = 1741 + -1601. What is the greatest common divisor of 308 and w?
28
Let o be (-2 - -106)*12*(-4 - (-165)/40). Calculate the greatest common factor of o and 6318.
78
Suppose 80*k - 136 = 67*k + 72. Let g be 44/(-6)*(-1 - 23). What is the greatest common divisor of k and g?
16
Let p = -1414 + 1434. Let y be 2 - (3/2)/((-5)/860). Calculate the highest common factor of y and p.
20
Let h(q) = 10*q + 711. Let r be h(-66). Let z = -70 - -155. What is the greatest common divisor of z and r?
17
Let h(m) = -m**2 + 19*m - 34. Let r(q) = q**2 - 20*q + 34. Let w(s) = -3*h(s) - 2*r(s). Let g be w(18). What is the highest common divisor of g and 26?
26
Let a = 121632 + -121623. Let u be ((-9)/4)/((-1)/28). What is the greatest common factor of u and a?
9
Suppose v = -5*j - 8, -45 + 121 = 3*v - 5*j. Let z = 95 + -47. Let w be z/(-20)*(-170)/3. Calculate the highest common divisor of v and w.
17
Let f(y) = -70*y**3 + 491*y**2 - 3*y + 7. Let t be f(7). What is the highest common divisor of t and 785?
5
Let c(b) = 3*b - 2. Suppose 4 - 6 = -l. Let j be c(l). Let y be (8/14)/((-311)/(-2177)). What is the highest common divisor of y and j?
4
Let f be (-23)/(-5) + -2 - (-6)/(-10). Suppose 396 = f*o + 5*u, 103*o - 101*o = -2*u + 408. What is the highest common divisor of o and 52?
52
Let l(r) = -6*r**3 - 19*r**2 - 21*r - 341. Let v be l(-15). Calculate the highest common factor of 41 and v.
41
Suppose -100*v + 211*v + 24360 = 256*v. What is the highest common factor of 800 and v?
8
Let v be (-279)/(((-306)/(-544))/(6/(-8))). Let z be 15*((-18 - -16) + 14/5). What is the greatest common factor of v and z?
12
Let j(u) = -26*u - 59. Let s be j(-12). Suppose -305 = -15*k + 25. What is the greatest common divisor of s and k?
11
Let c be (-4 - (-5 - -6)) + (-6366)/(-6). Calculate the greatest common divisor of c and 671.
11
Let t = -1220 - -1218. Let s be (t/4)/(63/(-11088)). Suppose 4*b = 15 + 17. Calculate the greatest common factor of s and b.
8
Suppose -8*i = -34*i + 624. What is the highest common divisor of 1500 and i?
12
Let n = 316 + -291. Suppose x - 5096 = -n*x. What is the greatest common factor of x and 7?
7
Let h = 130 - 127. Suppose 1700 = 4*f - 2*k, h*k + 528 = 4*f - 1172. Calculate the highest common factor of 25 and f.
25
Suppose 13*k = 8*k + 245. Let q = -23 + 72. Calculate the highest common divisor of k and q.
49
Let v(x) = x. Let a be v(-6). Let j(g) = 8*g**2 + 407*g - 50. Let f be j(-51). Let w be f/3 - 178/a. Calculate the greatest common divisor of 75 and w.
15
Let k be 10235/184 + (-9)/(-24). Let a = 65 + k. Calculate the highest common factor of 22 and a.
11
Suppose 5*y = b + 53 + 54, 0 = -2*y + 8. Let z = b + 131. Suppose -1859 = 16*r - 7491. Calculate the highest common factor of r and z.
44
Suppose -131*h + 29578 + 17975 = 0. What is the greatest common factor of h and 88?
11
Let b(q) = -12*q**2 + 89*q - 20. Let n be b(4). Let m(d) = 17*d**2 - 2*d. Let p be m(4). What is the greatest common divisor of p and n?
24
Suppose -3*z = -12*z - 144. Let f be (20/6)/(z/(-24)). What is the greatest common factor of f and 95?
5
Let s(v) = -v**2 - 9*v - 20. Let t be s(-7). Let d be t + -1 + (363 - 10). Calculate the greatest common factor of 2 and d.
2
Suppose 6701*u - 6693*u = 9208. What is the highest common divisor of 3 and u?
1
Suppose -5*b + 18 = b. Let z be (-1)/1*1 + b. Suppose 2*g - z*n + 4 = -5*n, 4*g = -2*n + 8. What is the greatest common factor of 10 and g?
2
Suppose 5*v - 17675 = 5*d, -3535 = -v - d + 4*d. What is the highest common divisor of 35 and v?
35
Suppose 25*x = 30*x - 630. Let k be (5 + -7)*(-2)/6*x. Calculate the highest common divisor of k and 168.
84
Let r be (11/(374/(-595)))/((-1)/48). Calculate the greatest common factor of r and 40.
40
Let b(c) = -c**2 + 10*c - 10. Let w be b(7). Let r(h) = -h**2 + 18*h - 29. Let a be r(w). What is the highest common factor of 56 and a?
8
Suppose 13 = -o + 29. Suppose -2405 = -194*h + 1278 - 579. Calculate the highest common divisor of h and o.
16
Let a = -2188 - -16183. What is the highest common factor of 90 and a?
45
Let c(i) = 6*i**2 + 12*i - 11. Let s(n) = 13*n**2 + 26*n - 23. Let p(l) = 5*c(l) - 2*s(l). Let z be p(-5). Calculate the greatest common factor of z and 34.
17
Let r be (-2 - (15 + -3))/(1 - 0). Let m be (3 - 5)*(r - 15/(-5)). Suppose 17 = 13*j - m. Calculate the highest common divisor of 33 and j.
3
Let h = 85 - 62. Suppose h*a + 15 = 20*a. Let s be 1 + (-12)/(-9 - a). What is the highest common divisor of 3 and s?
1
Let b(k) = -1417*k + 5828. Let j be b(4). Calculate the highest common divisor of j and 7160.
40
Let s = -643 + 551. Suppose 0*i + i + 56 = 0. Let c = i - s. Calculate the highest common divisor of c and 48.
12
Let p(n) = 69*n + 1278. Let u be p(-14). Calculate the highest common factor of u and 10452.
156
Let v be 115 + 24 - (5 - (-11 - -7)). What is the highest common divisor of v and 75?
5
Suppose -89 = 36*d + 55. Let p be ((-3)/(-6))/(3*d/(-17424)). What is the highest common factor of 66 and p?
66
Suppose 0 = -t + 4*k - 6, -5*k + 25 = -2*t - t. Let c = t - 9. Let y be c*(-1 + 0*(-2)/4). What is the greatest common divisor of 209 and y?
19
Let j = -14589 - -16849. Calculate the highest common factor of j and 60.
20
Let a = 54 + 4. Let s be ((-12 - -14) + -6)*(-1)/2. Let t = s + a. What is the highest common factor of 20 and t?
20
Let s = -103 + 140. Suppose -8*x + 67 = -s. What is the highest common divisor of x and 78?
13
Let t(w) = 5*w**2 + 22*w. Let p be t(-4). Let n be 3 + 23 + 1 - (5 + p). Calculate the greatest common factor of n and 105.
15
Let x(k) be the third derivative of -k**5/30 - 17*k**4/12 - k**3 + k**2 - 63. Let s be x(-13). Calculate the greatest common factor of 14 and s.
14
Let l be 70/(-4)*12/(-5). Suppose 2149 + 2591 = -15*o. Let v = o - -330. What is the greatest common divisor of l and v?
14
Let u be (-1)/(-6) + 26 + (-103)/6. What is the highest common divisor of 288 and u?
9
Let q = 122 + -120. Suppose q + 3 = f + r, 5*r = -25. What is the highest common divisor of f and 8?
2
Let c(w) = 5626*w - 1028. Let h be c(1). What is the greatest common factor of h and 114?
38
Let f be 16/((-3)/(-6 - 0)). Let z be -1 - (-20 - -2)*3/6. Suppose 3*l + z = 4*l. What is the highest common factor of l and f?
8
Suppose 20*u = 14*h + 24*u - 82, -h + 8 = u. What is the greatest common divisor of h and 6905?
5
Let q be -3 + (-7)/4*-1*4. Suppose -q*b - 246 = -3*p - 18, -2*b - 228 = -3*p. What is the highest common factor of p and 4?
4
Let x(q) be the first derivati